{"id":45,"date":"2016-03-25T23:27:22","date_gmt":"2016-03-25T23:27:22","guid":{"rendered":"http:\/\/mintkreativ.hittinger.de\/?page_id=45"},"modified":"2016-03-25T23:35:40","modified_gmt":"2016-03-25T23:35:40","slug":"projektziele","status":"publish","type":"page","link":"http:\/\/mintkreativ.hittinger.de\/?page_id=45","title":{"rendered":"03 Projektziele"},"content":{"rendered":"<p>Alle beteiligten Schulen arbeiten in diesem Projekt schwerpunktm\u00e4\u00dfig im Bereich MINT. Die Begeisterung junger Menschen f\u00fcr Technik zu wecken ist dabei ein wesentliches Ziel der MINT-F\u00f6rderung. Aktuell herrscht weiterhin ein Fachkr\u00e4ftemangel, der besonders in den Bereichen MINT (Mathematik, Informatik, Naturwissenschaften, Technik) anzusiedeln ist. Die Wirtschaft fordert immer st\u00e4rker von den Schulen, Sch\u00fcler f\u00fcr diese Bereiche zu interessieren und ebenfalls Grundkompetenzen wie Teamf\u00e4higkeit, eigenst\u00e4ndiges Arbeiten und Kooperation auszubilden. Die aktuellen Lehrpl\u00e4ne decken diese Forderungen zum Teil nur ungen\u00fcgend ab. In Bayern ist daher der so genannte \u201eLehrplan Plus\u201c gestartet, bei dem die Kompetenzf\u00f6rderung ein zentrales Thema darstellt. Im Bereich der Grundschulen wird dieser neue Lehrplan bereits im Unterricht eingesetzt, im Sekundarstufenbereich beginnt die Arbeit mit dem neuen Lehrplan zum Schuljahr 2016\/17.<\/p>\n<p>Die berufliche Ausrichtung des Projektes im Sekundarbereich bedingt die aktuelle Ausbildungslage. Wir ben\u00f6tigen nicht nur gut ausgebildete Ingenieure und Wissenschaftler sondern vielmehr auch sehr gut ausgebildete Techniker und Arbeiter. Sch\u00fcler der Sekundarstufe sollen daher in diesem Projekt auch besonders diesen Ausbildungsschwerpunkt kennenlernen und sich daf\u00fcr begeistern k\u00f6nnen. Anhand von Praxistagen an der technischen Berufsschule und der Hochschule sollen diese Interessen weiter gef\u00f6rdert werden.<\/p>\n<p><strong>Die Zielsetzung des aktuellen Projektes liegt besonders in der spielerischen und von Leistungsdruck freien Arbeit mit Technik und neuen Medien.<\/strong> Nur in einer freien Lernumgebung, in der Konkurrenz und Leistungsdruck weitestgehend vermieden werden, kann sich jeder Sch\u00fcler entsprechend seiner F\u00e4higkeiten und Fertigkeiten entwickeln und frei entfalten. <strong>Die Arbeit im Team und die faire, gleichberechtigte Auseinandersetzung mit den Ideen anderer ist Grundlage f\u00fcr die Schaffung neuer kreativer Produkte.<\/strong> Die Sch\u00fcler sollen eigene Ideen umsetzen k\u00f6nnen und nicht nur \u201enach Bauplan\u201c funktionieren. M\u00e4dchen und Jungen arbeiten gemeinsam. Die Einbindung von M\u00e4dchen in den MINT-Bereich wird besonders gef\u00f6rdert und unterst\u00fctzt.<\/p>\n<p><strong>Die Grundschulen erhalten zur Erf\u00fcllung des Projektzieles kindgerechte Arbeitsmaterialien im Bereich MINT, die kreative Prozesse f\u00f6rdern und MINT-Kompetenzen ausbilden k\u00f6nnen. Diese Materialen stammen von Technik LPE und nennen sich \u201eUMT\u00ae \u2013 Das kreative Bausystem f\u00fcr den Unterricht\u201c.<\/strong><\/p>\n<p>Das von LPE Technische Medien GmbH entwickelte Bausystem positioniert sich immer mehr zum Standardbausystem f\u00fcr den technikorientierten Unterricht. UMT\u00ae vereinigt die Vorz\u00fcge von traditionellen Baukastensystemen mit UMT\u00ae-typischen Elementen, die eine kreative Entfaltung bei der Konstruktion und Fertigung von Modellen erm\u00f6glichen.<\/p>\n<p><strong>Die Schulen der Sekundarstufe I erhalten die M\u00f6glichkeit zur Erweiterung der bereits bestehenden LEGO Mindstorms NXT- und EV3-Robotersysteme. Mithilfe dieser Systeme konstruieren die Sch\u00fcler unterschiedliche Modelle. Weiterhin werden Sie als Tutoren den Grundsch\u00fclern zur Seite stehen.<\/strong><\/p>\n<p><strong>Die beruflichen Schulen unterst\u00fctzen die Arbeit der Schulen der Sekundarstufe mithilfe 3D-gest\u00fctzter Konstruktionen und erm\u00f6glichen den Sch\u00fclern der Sekundarstufe erste inhaltliche wie auch praktische Einblicke in das Berufsbild des Technikers, des Elektrikers oder des technischen Ingenieurs.<\/strong> Diese neue Art der Kooperation von beruflicher Schule und Sekundarstufe I erm\u00f6glicht eine sinnvolle Lenkung der beruflichen Interessen auf den MINT-Bereich. <strong>Viele Sch\u00fcler wissen oftmals nicht, welch vielf\u00e4ltige technische Berufsausbildungen mit einem Sekundarabschluss m\u00f6glich sind. Diese Wissensl\u00fccke m\u00f6chte das Projekt unter anderem inhaltlich wie auch anhand praktischer Erfahrungen schlie\u00dfen.<\/strong><\/p>\n<p><strong><u>Durch das gemeinsame Vorhaben soll im Bereich MINT<\/u><\/strong><\/p>\n<ul>\n<li>die grenz\u00fcberschreitende Zusammenarbeit im Bereich MINT der Schulen langfristig gest\u00e4rkt,<\/li>\n<li><strong>eine nachhaltige und grenz\u00fcberschreitende Kooperation zwischen Sekundarstufe I und den beruflichen Schulen geschaffen<\/strong>,<\/li>\n<li><strong>die schulpraktische Ausbildung im Bereich MINT mit besonderem Schwerpunkt in der Grundlagenf\u00f6rderung MINT an den Grundschulen in beiden L\u00e4ndern gef\u00f6rdert, <\/strong><\/li>\n<li>die Unterst\u00fctzung benachteiligter Sch\u00fcler gew\u00e4hrleistet,<\/li>\n<li>die F\u00f6rderung leistungsstarker Sch\u00fcler gest\u00e4rkt,<\/li>\n<li>das Interesse bei M\u00e4dchen und Jungen gleicherma\u00dfen f\u00fcr die Thematik geweckt werden.<\/li>\n<\/ul>\n","protected":false},"excerpt":{"rendered":"<p>Alle beteiligten Schulen arbeiten in diesem Projekt schwerpunktm\u00e4\u00dfig im Bereich MINT. Die Begeisterung junger Menschen f\u00fcr Technik zu wecken ist dabei ein wesentliches Ziel der MINT-F\u00f6rderung. Aktuell herrscht weiterhin ein Fachkr\u00e4ftemangel, der besonders in den Bereichen MINT (Mathematik, Informatik, Naturwissenschaften, Technik) anzusiedeln ist. Die Wirtschaft fordert immer st\u00e4rker von den Schulen, Sch\u00fcler f\u00fcr diese Bereiche&#8230;<\/p>\n","protected":false},"author":1,"featured_media":0,"parent":0,"menu_order":0,"comment_status":"closed","ping_status":"closed","template":"","meta":{"footnotes":""},"class_list":["post-45","page","type-page","status-publish","hentry"],"_links":{"self":[{"href":"http:\/\/mintkreativ.hittinger.de\/index.php?rest_route=\/wp\/v2\/pages\/45","targetHints":{"allow":["GET"]}}],"collection":[{"href":"http:\/\/mintkreativ.hittinger.de\/index.php?rest_route=\/wp\/v2\/pages"}],"about":[{"href":"http:\/\/mintkreativ.hittinger.de\/index.php?rest_route=\/wp\/v2\/types\/page"}],"author":[{"embeddable":true,"href":"http:\/\/mintkreativ.hittinger.de\/index.php?rest_route=\/wp\/v2\/users\/1"}],"replies":[{"embeddable":true,"href":"http:\/\/mintkreativ.hittinger.de\/index.php?rest_route=%2Fwp%2Fv2%2Fcomments&post=45"}],"version-history":[{"count":2,"href":"http:\/\/mintkreativ.hittinger.de\/index.php?rest_route=\/wp\/v2\/pages\/45\/revisions"}],"predecessor-version":[{"id":60,"href":"http:\/\/mintkreativ.hittinger.de\/index.php?rest_route=\/wp\/v2\/pages\/45\/revisions\/60"}],"wp:attachment":[{"href":"http:\/\/mintkreativ.hittinger.de\/index.php?rest_route=%2Fwp%2Fv2%2Fmedia&parent=45"}],"curies":[{"name":"wp","href":"https:\/\/api.w.org\/{rel}","templated":true}]}}