{"id":41,"date":"2016-03-25T23:25:00","date_gmt":"2016-03-25T23:25:00","guid":{"rendered":"http:\/\/mintkreativ.hittinger.de\/?page_id=41"},"modified":"2016-03-26T00:43:22","modified_gmt":"2016-03-26T00:43:22","slug":"euregio-projekt-mintkreativ-von-der-grundschule-bis-zum-beruf","status":"publish","type":"page","link":"http:\/\/mintkreativ.hittinger.de\/?page_id=41","title":{"rendered":"01 Das Projekt"},"content":{"rendered":"<p><strong>Die Zielsetzung des aktuellen Projektes liegt besonders in der spielerischen und von Leistungsdruck freien Arbeit mit Technik und neuen Medien.<\/strong> Nur in einer freien Lernumgebung, in der Konkurrenz und Leistungsdruck weitestgehend vermieden werden, kann sich jeder Sch\u00fcler entsprechend seiner F\u00e4higkeiten und Fertigkeiten entwickeln und frei entfalten. <strong>Die Arbeit im Team und die faire, gleichberechtigte Auseinandersetzung mit den Ideen anderer ist Grundlage f\u00fcr die Schaffung neuer kreativer Produkte.<\/strong> Die Sch\u00fcler sollen eigene Ideen umsetzen k\u00f6nnen und nicht nur \u201enach Bauplan\u201c funktionieren. M\u00e4dchen und Jungen arbeiten gemeinsam. Die Einbindung von M\u00e4dchen in den MINT-Bereich wird besonders gef\u00f6rdert und unterst\u00fctzt.<\/p>\n","protected":false},"excerpt":{"rendered":"<p>Die Zielsetzung des aktuellen Projektes liegt besonders in der spielerischen und von Leistungsdruck freien Arbeit mit Technik und neuen Medien. Nur in einer freien Lernumgebung, in der Konkurrenz und Leistungsdruck weitestgehend vermieden werden, kann sich jeder Sch\u00fcler entsprechend seiner F\u00e4higkeiten und Fertigkeiten entwickeln und frei entfalten. Die Arbeit im Team und die faire, gleichberechtigte Auseinandersetzung&#8230;<\/p>\n","protected":false},"author":1,"featured_media":0,"parent":0,"menu_order":0,"comment_status":"closed","ping_status":"closed","template":"","meta":{"footnotes":""},"class_list":["post-41","page","type-page","status-publish","hentry"],"_links":{"self":[{"href":"http:\/\/mintkreativ.hittinger.de\/index.php?rest_route=\/wp\/v2\/pages\/41","targetHints":{"allow":["GET"]}}],"collection":[{"href":"http:\/\/mintkreativ.hittinger.de\/index.php?rest_route=\/wp\/v2\/pages"}],"about":[{"href":"http:\/\/mintkreativ.hittinger.de\/index.php?rest_route=\/wp\/v2\/types\/page"}],"author":[{"embeddable":true,"href":"http:\/\/mintkreativ.hittinger.de\/index.php?rest_route=\/wp\/v2\/users\/1"}],"replies":[{"embeddable":true,"href":"http:\/\/mintkreativ.hittinger.de\/index.php?rest_route=%2Fwp%2Fv2%2Fcomments&post=41"}],"version-history":[{"count":3,"href":"http:\/\/mintkreativ.hittinger.de\/index.php?rest_route=\/wp\/v2\/pages\/41\/revisions"}],"predecessor-version":[{"id":105,"href":"http:\/\/mintkreativ.hittinger.de\/index.php?rest_route=\/wp\/v2\/pages\/41\/revisions\/105"}],"wp:attachment":[{"href":"http:\/\/mintkreativ.hittinger.de\/index.php?rest_route=%2Fwp%2Fv2%2Fmedia&parent=41"}],"curies":[{"name":"wp","href":"https:\/\/api.w.org\/{rel}","templated":true}]}}