{"id":130,"date":"2016-03-26T01:25:01","date_gmt":"2016-03-26T01:25:01","guid":{"rendered":"http:\/\/mintkreativ.hittinger.de\/?page_id=130"},"modified":"2016-03-26T01:27:50","modified_gmt":"2016-03-26T01:27:50","slug":"einverstaendniserklaerung-bildrechte","status":"publish","type":"page","link":"http:\/\/mintkreativ.hittinger.de\/?page_id=130","title":{"rendered":"Einverst\u00e4ndniserkl\u00e4rung Bildrechte"},"content":{"rendered":"<p>Die Teilnahme am Euregio-Projekt setzt voraus, dass wir von den Beteiligten Foto- und Videoaufnahmen machen d\u00fcrfen, die analog wie auch digital auf den entsprechenden Projektseiten und Druckmedien sowie in der Presse ver\u00f6ffentlicht werden d\u00fcrfen.<\/p>\n<p>Hier kann die Einverst\u00e4ndniserkl\u00e4rung heruntergeladen werden:<\/p>\n<p><a href=\"http:\/\/mintkreativ.hittinger.de\/wp-content\/uploads\/2016\/03\/Einverst\u00e4ndniserkl\u00e4rung-Bildrechte_allgemein.pdf\" rel=\"\">Einverst\u00e4ndniserkl\u00e4rung Bildrechte<\/a><\/p>\n<p>&nbsp;<\/p>\n<p>&nbsp;<\/p>\n","protected":false},"excerpt":{"rendered":"<p>Die Teilnahme am Euregio-Projekt setzt voraus, dass wir von den Beteiligten Foto- und Videoaufnahmen machen d\u00fcrfen, die analog wie auch digital auf den entsprechenden Projektseiten und Druckmedien sowie in der Presse ver\u00f6ffentlicht werden d\u00fcrfen. Hier kann die Einverst\u00e4ndniserkl\u00e4rung heruntergeladen werden: Einverst\u00e4ndniserkl\u00e4rung Bildrechte &nbsp; &nbsp;<\/p>\n","protected":false},"author":1,"featured_media":0,"parent":0,"menu_order":0,"comment_status":"closed","ping_status":"closed","template":"","meta":{"footnotes":""},"class_list":["post-130","page","type-page","status-publish","hentry"],"_links":{"self":[{"href":"http:\/\/mintkreativ.hittinger.de\/index.php?rest_route=\/wp\/v2\/pages\/130","targetHints":{"allow":["GET"]}}],"collection":[{"href":"http:\/\/mintkreativ.hittinger.de\/index.php?rest_route=\/wp\/v2\/pages"}],"about":[{"href":"http:\/\/mintkreativ.hittinger.de\/index.php?rest_route=\/wp\/v2\/types\/page"}],"author":[{"embeddable":true,"href":"http:\/\/mintkreativ.hittinger.de\/index.php?rest_route=\/wp\/v2\/users\/1"}],"replies":[{"embeddable":true,"href":"http:\/\/mintkreativ.hittinger.de\/index.php?rest_route=%2Fwp%2Fv2%2Fcomments&post=130"}],"version-history":[{"count":2,"href":"http:\/\/mintkreativ.hittinger.de\/index.php?rest_route=\/wp\/v2\/pages\/130\/revisions"}],"predecessor-version":[{"id":135,"href":"http:\/\/mintkreativ.hittinger.de\/index.php?rest_route=\/wp\/v2\/pages\/130\/revisions\/135"}],"wp:attachment":[{"href":"http:\/\/mintkreativ.hittinger.de\/index.php?rest_route=%2Fwp%2Fv2%2Fmedia&parent=130"}],"curies":[{"name":"wp","href":"https:\/\/api.w.org\/{rel}","templated":true}]}}